 of 15813?
5
What is the tens digit of 2450?
5
What is the thousands digit of 4160?
4
What is the hundreds digit of 1560?
5
What is the ten thousands digit of 37424?
3
What is the units digit of 458?
8
What is the hundreds digit of 928?
9
What is the hundreds digit of 3735?
7
What is the thousands digit of 11519?
1
What is the units digit of 6013?
3
What is the tens digit of 12238?
3
What is the units digit of 10487?
7
What is the thousands digit of 88689?
8
What is the ten thousands digit of 30918?
3
What is the thousands digit of 147620?
7
What is the ten thousands digit of 26573?
2
What is the tens digit of 21006?
0
What is the thousands digit of 6255?
6
What is the tens digit of 3092?
9
What is the units digit of 2275?
5
What is the tens digit of 5098?
9
What is the units digit of 1885?
5
What is the tens digit of 321?
2
What is the hundreds digit of 426?
4
What is the thousands digit of 70509?
0
What is the thousands digit of 1142?
1
What is the tens digit of 319?
1
What is the hundreds digit of 326?
3
What is the hundreds digit of 1564?
5
What is the thousands digit of 1061?
1
What is the units digit of 866?
6
What is the hundreds digit of 976?
9
What is the tens digit of 4043?
4
What is the units digit of 1221?
1
What is the units digit of 818?
8
What is the thousands digit of 4200?
4
What is the tens digit of 21958?
5
What is the hundreds digit of 8699?
6
What is the hundreds digit of 7919?
9
What is the thousands digit of 15537?
5
What is the hundreds digit of 1504?
5
What is the units digit of 65220?
0
What is the hundreds digit of 652?
6
What is the units digit of 20277?
7
What is the thousands digit of 7990?
7
What is the hundreds digit of 101911?
9
What is the tens digit of 804?
0
What is the units digit of 3602?
2
What is the hundreds digit of 1160?
1
What is the units digit of 4677?
7
What is the units digit of 62625?
5
What is the units digit of 2291?
1
What is the tens digit of 304?
0
What is the tens digit of 107358?
5
What is the hundreds digit of 17026?
0
What is the thousands digit of 1068?
1
What is the units digit of 54?
4
What is the tens digit of 55?
5
What is the units digit of 14163?
3
What is the thousands digit of 7625?
7
What is the hundreds digit of 12420?
4
What is the hundreds digit of 7115?
1
What is the tens digit of 471?
7
What is the thousands digit of 9264?
9
What is the units digit of 54318?
8
What is the tens digit of 2887?
8
What is the tens digit of 60964?
6
What is the tens digit of 1112?
1
What is the thousands digit of 3639?
3
What is the tens digit of 501?
0
What is the units digit of 4358?
8
What is the units digit of 793?
3
What is the thousands digit of 41600?
1
What is the hundreds digit of 808?
8
What is the hundreds digit of 32098?
0
What is the thousands digit of 63841?
3
What is the hundreds digit of 3843?
8
What is the units digit of 1285?
5
What is the tens digit of 84501?
0
What is the units digit of 34161?
1
What is the units digit of 2803?
3
What is the thousands digit of 61350?
1
What is the units digit of 2579?
9
What is the ten thousands digit of 88357?
8
What is the hundred thousands digit of 123201?
1
What is the hundreds digit of 15159?
1
What is the units digit of 44933?
3
What is the tens digit of 731?
3
What is the thousands digit of 7343?
7
What is the units digit of 55376?
6
What is the units digit of 10325?
5
What is the units digit of 12034?
4
What is the units digit of 35857?
7
What is the hundreds digit of 2224?
2
What is the tens digit of 13020?
2
What is the units digit of 86271?
1
What is the tens digit of 2432?
3
What is the thousands digit of 5820?
5
What is the thousands digit of 18003?
8
What is the units digit of 1898?
8
What is the hundreds digit of 1380?
3
What is the hundreds digit of 23994?
9
What is the hundreds digit of 5811?
8
What is the units digit of 4336?
6
What is the ten thousands digit of 39621?
3
What is the hundreds digit of 61454?
4
What is the units digit of 653?
3
What is the thousands digit of 19248?
9
What is the units digit of 12837?
7
What is the units digit of 4810?
0
What is the units digit of 10479?
9
What is the tens digit of 1020?
2
What is the units digit of 676?
6
What is the units digit of 93409?
9
What is the units digit of 5487?
7
What is the tens digit of 970?
7
What is the hundreds digit of 24044?
0
What is the thousands digit of 21564?
1
What is the tens digit of 32348?
4
What is the tens digit of 8844?
4
What is the hundreds digit of 5486?
4
What is the hundreds digit of 2081?
0
What is the hundreds digit of 16852?
8
What is the units digit of 22561?
1
What is the hundreds digit of 688?
6
What is the thousands digit of 3986?
3
What is the thousands digit of 4348?
4
What is the hundreds digit of 1940?
9
What is the units digit of 113869?
9
What is the hundreds digit of 290?
2
What is the ten thousands digit of 25044?
2
What is the tens digit of 2715?
1
What is the units digit of 9609?
9
What is the units digit of 9497?
7
What is the tens digit of 1800?
0
What is the ten thousands digit of 132095?
3
What is the units digit of 801?
1
What is the units digit of 1441?
1
What is the units digit of 131047?
7
What is the thousands digit of 40730?
0
What is the units digit of 82843?
3
What is the thousands digit of 57252?
7
What is the units digit of 756?
6
What is the hundreds digit of 826?
8
What is the hundreds digit of 942?
9
What is the ten thousands digit of 11217?
1
What is the tens digit of 832?
3
What is the hundreds digit of 12192?
1
What is the tens digit of 662?
6
What is the tens digit of 5703?
0
What is the units digit of 14646?
6
What is the hundreds digit of 6472?
4
What is the units digit of 6440?
0
What is the hundreds digit of 591?
5
What is the units digit of 303?
3
What is the hundreds digit of 14298?
2
What is the hundreds digit of 2602?
6
What is the thousands digit of 1081?
1
What is the tens digit of 2030?
3
What is the thousands digit of 3090?
3
What is the hundreds digit of 10401?
4
What is the thousands digit of 84480?
4
What is the tens digit of 3081?
8
What is the hundreds digit of 6163?
1
What is the tens digit of 560?
6
What is the units digit of 171?
1
What is the units digit of 54187?
7
What is the tens digit of 2289?
8
What is the tens digit of 37648?
4
What is the hundreds digit of 1103?
1
What is the tens digit of 103654?
5
What is the thousands digit of 16497?
6
What is the hundreds digit of 626?
6
What is the ten thousands digit of 60836?
6
What is the hundreds digit of 447?
4
What is the thousands digit of 3977?
3
What is the ten thousands digit of 27690?
2
What is the units digit of 119440?
0
What is the hundreds digit of 1135?
1
What is the tens digit of 1709?
0
What is the hundreds digit of 17627?
6
What is the units digit of 35479?
9
What is the tens digit of 1082?
8
What is the tens digit of 4734?
3
What is the hundreds digit of 1297?
2
What is the hundreds digit of 103408?
4
What is the ten thousands digit of 69866?
6
What is the units digit of 206?
6
What is the tens digit of 8292?
9
What is the units digit of 985?
5
What is the tens digit of 11141?
4
What is the hundreds digit of 116772?
7
What is the thousands digit of 22669?
2
What is the tens digit of 131?
3
What is the units digit of 2966?
6
What is the tens digit of 484?
8
What is the thousands digit of 1087?
1
What is the hundreds digit of 1447?
4
What is the hundreds digit of 15068?
0
What is the units digit of 16293?
3
What is the tens digit of 1460?
6
What is the thousands digit of 4267?
4
What is the hundreds digit of 9936?
9
What is the tens digit of 10860?
6
What is the tens digit of 9177?
7
What is the hundreds digit of 7855?
8
What is the thousands digit of 68876?
8
What is the thousands digit of 10137?
0
What is the hundreds digit of 44313?
3
What is the thousands digit of 3219?
3
What is the thousands digit of 13496?
3
What is the units digit of 521?
1
What is the tens digit of 12?
1
What is the tens digit of 7777?
7
What is the thousands digit of 3719?
3
What is the hundreds digit of 738?
7
What is the hundreds digit of 19494?
4
What is the units digit of 2080?
0
What is the hundreds digit of 1189?
1
What is the hundreds digit of 14528?
5
What is the thousands digit of 11878?
1
What is the units digit of 2988?
8
What